 is d(-10)?
4
Let a(w) = -65*w - 438. What is a(11)?
-1153
Let f(g) = 24*g + 53. What is f(-14)?
-283
Let n(u) = u**3 - 9*u**2 - 28*u + 146. Give n(10).
-34
Let u(p) = 18144*p + 108854. Give u(-6).
-10
Let o(u) = -u**2 - 67*u - 279. What is o(-4)?
-27
Let v(d) = -d**3 + 16*d**2 - 9*d - 22. Give v(17).
-464
Let x(z) = 25*z - 4618. Calculate x(185).
7
Let f(n) = n**3 - 20*n**2 + 41*n + 60. Calculate f(16).
-308
Let p(j) = -196*j - 2362. What is p(-11)?
-206
Let x(v) = -702*v - 2112. Determine x(-3).
-6
Let s(a) = 2*a**2 + 2012*a + 108186. Calculate s(-57).
0
Let l(q) = 14*q + 25. Determine l(-1).
11
Let h(q) = 2*q**2 - 32*q - 15. Determine h(19).
99
Let z(q) = q - 6. Give z(12).
6
Let r(n) = 57*n - 1300. Give r(20).
-160
Let b(w) = -154*w - 447. Determine b(-3).
15
Let s(b) = 1227*b + 60126. Give s(-49).
3
Let c(v) = 1676*v + 45244. Determine c(-27).
-8
Let w(a) = 2*a**3 + 28*a**2 - a - 2. What is w(-14)?
12
Let r(y) = -y**3 - 14*y**2 - 12*y - 166. Determine r(-14).
2
Let n(z) = z**3 + 47*z**2 + 398*z + 112. Determine n(-36).
40
Let b(r) = -r**3 + 41*r**2 - 43*r + 110. Determine b(40).
-10
Let f(p) = 132*p + 12020. What is f(-90)?
140
Let k(d) = d**3 - 17*d**2 + 45*d - 464. Calculate k(16).
0
Let t(x) = -29*x - 734. Determine t(-26).
20
Let q(u) = -u**2 + 51*u - 671. Calculate q(31).
-51
Let p(c) = -2*c**2 + 195*c - 4715. Give p(51).
28
Let n(x) = x**2 + 51*x + 605. What is n(-34)?
27
Let b(n) = -n**3 + 52*n - 65. Give b(-8).
31
Let h(p) = p**2 - 10*p - 38. Calculate h(-4).
18
Let g(v) = -34*v + 2. Calculate g(8).
-270
Let k(u) = 13*u**2 - 737*u - 262. Calculate k(57).
-34
Let u(p) = -p**3 - 4*p**2 - 20378*p - 81507. What is u(-4)?
5
Let b(h) = -15*h**2 + 1332*h + 265. Give b(89).
-2
Let o(l) = -17*l - 152. Determine o(-8).
-16
Let t(q) = -2*q**2 + 37*q - 132. Determine t(4).
-16
Let a(k) = -3*k**2 + 17*k + 2543. Give a(32).
15
Let y(v) = -2*v**2 - 75*v + 437. What is y(6)?
-85
Let o(n) = -28*n**2 + 70*n - 4. Calculate o(5).
-354
Let k(g) = -111*g**2 - 4439*g + 34. Give k(-40).
-6
Let i(l) = 57*l**3 - l**2 - 2*l. Give i(-1).
-56
Let v(t) = 3*t**3 - 13*t**2 + 2*t + 18. Determine v(4).
10
Let r(k) = -k**3 - 10*k**2 - 21*k - 11. Give r(-3).
-11
Let h(i) = -i**3 + 161*i**2 + 337*i - 1770. What is h(163)?
23
Let a(z) = -z**2 + 140*z + 3428. What is a(161)?
47
Let x(n) = n**2 + 7*n - 89. Determine x(-14).
9
Let t(v) = 4*v**3 - 5*v**2 + 1. Determine t(3).
64
Let q(n) = 2*n**2 - 3*n - 316. What is q(0)?
-316
Let s(c) = 2*c**2 - 7*c - 10. Determine s(12).
194
Let f(t) = -10*t**3 - 78*t**2 - 3*t - 28. Determine f(-8).
124
Let f(r) = -15*r - 99. Determine f(-6).
-9
Let q(d) = 27*d + 122. Give q(-4).
14
Let z(k) = k**3 - 10*k**2 + 21*k - 60. Determine z(9).
48
Let v(i) = -780*i + 3904. Calculate v(5).
4
Let q(d) = -2*d**2 + 94*d - 692. Calculate q(9).
-8
Let y(j) = 73*j**3 + 7*j**2 - 3*j - 10. Determine y(-1).
-73
Let y(l) = 314*l - 621. Give y(2).
7
Let x(k) = 4*k**2 + 81*k + 602. Give x(-22).
756
Let o(r) = -6948*r + 20852. Calculate o(3).
8
Let l(p) = 14*p + 224. Calculate l(6).
308
Let x(j) = -3*j**2 - 218*j - 1187. What is x(-6)?
13
Let z(j) = 12*j**2 + 24*j - 37. Give z(1).
-1
Let v(k) = k**3 - 10*k**2 - 3*k - 16. What is v(10)?
-46
Let b(z) = 1181*z - 2364. Determine b(2).
-2
Let x(s) = -s**2 + 1136*s - 27768. Determine x(25).
7
Let y(l) = -77*l - 3853. What is y(-50)?
-3
Let s(q) = -q**3 - 14*q**2 + 10*q + 232. Determine s(-10).
-268
Let z(k) = k**2 - 17*k - 8. Give z(0).
-8
Let n(t) = -2*t**2 - 118*t - 531. What is n(-54)?
9
Let r(x) = -x**3 + 36*x**2 - 5*x + 176. Calculate r(36).
-4
Let r(l) = 29*l**2 + 5*l - 3. What is r(1)?
31
Let p(q) = q**2 + 48*q + 565. What is p(-27)?
-2
Let o(w) = 170*w**2 + 3910*w - 33. Give o(-23).
-33
Let i(p) = -p**3 + 29*p**2 - 122*p + 14. Calculate i(24).
-34
Let z(s) = 12*s - 649. Calculate z(53).
-13
Let s(l) = 6*l**2 + 491*l + 4611. Give s(-71).
-4
Let z(r) = r**2 - 48*r - 11753. Determine z(135).
-8
Let n(y) = 2*y - 69. Calculate n(43).
17
Let x(r) = -6*r**2 - 392*r + 293. Calculate x(-66).
29
Let q(b) = -b**3 + 22*b**2 + 329*b - 45. What is q(-11)?
329
Let l(s) = -9*s**3 + 42*s**2 + 35*s - 3. What is l(-1)?
13
Let f(a) = -5*a + 188. Determine f(24).
68
Let d(u) = -5*u**2 - 83*u + 22. Determine d(-17).
-12
Let t(f) = 13*f**3 - 35*f**2 - f + 2. What is t(3)?
35
Let v(h) = -h**3 - 12*h**2 - 18*h + 18. Determine v(-12).
234
Let h(m) = -2*m**2 + 4*m + 444. Give h(-15).
-66
Let p(m) = m**2 + 116*m + 2894. What is p(-36)?
14
Let n(y) = -y**3 - 102*y**2 - 201*y + 118. Give n(-100).
218
Let t(u) = 19*u - 215. Calculate t(2).
-177
Let p(h) = -h**2 - 25*h + 285. Determine p(9).
-21
Let t(d) = 2*d**2 - 40*d + 188. What is t(11)?
-10
Let t(p) = p**3 + p**2 - p + 108. Determine t(0).
108
Let v(i) = -131*i - 1312. What is v(-10)?
-2
Let d(j) = -2*j**2 - 54*j - 368. Determine d(-13).
-4
Let y(f) = f**3 - 9*f**2 - 9*f + 11. What is y(12)?
335
Let z(o) = 52*o - 377. Give z(7).
-13
Let n(p) = 4*p**2 + 45*p + 270. Calculate n(-7).
151
Let p(k) = 32*k - 64. What is p(2)?
0
Let b(m) = -147*m - 9836. Determine b(-67).
13
Let c(l) = l**2 + 62*l + 504. Determine c(-48).
-168
Let k(o) = o**3 - 70*o**2 + 1194*o + 208. Determine k(30).
28
Let y(s) = 12*s**2 + 16*s - 1. What is y(-5)?
219
Let u(d) = 3*d**2 + 29*d - 916. What is u(-23)?
4
Let d(g) = -276*g - 252. What is d(0)?
-252
Let y(i) = 4*i**2 - 229*i + 1208. Calculate y(51).
-67
Let n(z) = 2*z**2 - 37*z - 369. Determine n(26).
21
Let f(g) = 32*g - 341. What is f(11)?
11
Let f(k) = k**2 - 3*k - 21. Determine f(-8).
67
Let j(u) = -2*u**3 + 60*u**2 + 8*u - 63. Give j(30).
177
Let j(g) = -159*g - 2539. Calculate j(-16).
5
Let t(i) = i**3 - 296. What is t(0)?
-296
Let m(z) = -z**3 - 14*z**2 + 40*z + 48. Calculate m(-17).
235
Let r(q) = 207*q + 3909. What is r(-19)?
-24
Let p(t) = t**3 + 11*t**2 + 6*t - 20. Determine p(-11).
-86
Let a(v) = v**3 + 24*v**2 + 23*v - 135. What is a(-24)?
-687
Let n(l) = -l**2 - 78*l - 367. Calculate n(-5).
-2
Let d(u) = u**3 + 26*u**2 + 6*u + 24. Determine d(-26).
-132
Let b(g) = 9134*g + 100470. Calculate b(-11).
-4
Let j(p) = -p**3 + 11*p**2 - 26*p + 58. What is j(10)?
-102
Let b(p) = 3*p**3 + 2*p**2 + 44*p + 45. Calculate b(-1).
0
Let j(f) = f**3 + 39*f**2 - 131*f - 223. Give j(-42).
-13
Let d(k) = k**3 + 2*k**2 - 19*k - 18. Calculate d(-5).
2
Let d(g) = 29*g + 362. Calculate d(-13).
-15
Let j(l) = -2*l**3 - 12*l**2 + 73*l + 374. Determine j(-6).
-64
Let o(g) = -4*g**2 + 213*g + 13208. Calculate o(90).
-22
Let v(g) = -14*g + 111. Determine v(-6).
195
Let z(l) = -l**3 + 27*l**2 - 18*l - 200. Determine z(26).
8
Let d(b) = 75*b - 96. Calculate d(3).
129
Let v(z) = -49*z + 150. What is v(6)?
-144
Let c(g) = -34*g**3 - 2*g**2 - 14*g - 26. Determine c(-2).
266
Let q(r) = -1556*r - 31123. What is q(-20)?
-3
Let a(x) = -184*x - 19302. Calculate a(-105).
18
Let m(z) = 2*z**3 + 22*z**2 - 8*z - 90. What is m(-11)?
-2
Let d(h) = -4*h**3 + 8*h**2 - 7*h - 8. Give d(4).
-164
Let v(y) = -14*y - 109. Calculate v(0).
-109
Let t(i) = 147*i - 3521. What is t(24)?
7
Let r(g) = g**3 + 45*g**2 - 38*g + 356. Calculate r(-46).
-12
Let m(z) = -90*z + 30. Determine m(-2).
210
Let r(f) = -99*f + 662. Calculate r(7).
-31
Let t(i) = i**3 - 19*i**2 + 5*i + 235. What is t(18)?
1
Let w(g) = -4*g**2 - 578*g + 2362. Calculate w(4).
-14
Let h(x) = -3*x**2 - 3492*x - 44889. Determine h(-13).
0
Let w(l) = 8*l**2 - 61*l - 6. Determine w(0).
-6
Let c(x) = x**3 - 6*x**2 - 3*x + 3. Determine c(8).
107
Let v(k) = 3*k**3 + 17*k**2 + 367*k + 2771. Calculate v(-7).
6
Let o(f) = 15124*f + 120989. Give o(-8).
-3
Let r(n) = n**3 - 5*n**2 + 51*n - 192. Determine r(4).
-4
Let x(r) = r**2 + 36*r + 107. Calculate x(-38).
183
Let s(p) = 8*p - 37. Determine s(2).
-21
Let d(n) = 4*n**2 - 145*n + 345. Give d(34).
39
Let h(u) = -5*u**2 + u + 23. What is h(-5)?
-107
Let c(r) = -3*r**3 - 190*r**2 + 137*r + 569. Calculate c(-64).
-7
Let g(w) = -128*w + 337. Calculate g(6).
-431
Let v(i) = -i**3 + 11*i**2 - 2*i + 48. What is v(11)?
26
Let m(x) = x**3 + 7*x**2 - 3*x - 24. Give m(-8).
-64
Let s(d) = 2*d**3 - 17*d**2 - 44*d + 507. Calculate s(9).
192
Let d(u) = 578*u - 2320. Give d(4).
-8
Let b(z) = -z**2 - 4*z - 17. Give b(-12).
-113
Let o(a) = 99*a + 136. Calculate o(0).
136
Let d(r) = 56*r + 974. Determine d(-15).
